6 and 147.
49
Calculate the highest common factor of 169739 and 1345.
269
What is the highest common factor of 26644 and 41324?
4
What is the greatest common divisor of 5313352 and 13473?
499
What is the greatest common factor of 129 and 66248853?
129
Calculate the highest common divisor of 3260 and 34520.
20
Calculate the greatest common divisor of 148381112 and 616.
88
What is the highest common divisor of 195713 and 7954527?
2681
What is the greatest common divisor of 4284 and 1809?
9
What is the highest common divisor of 25837160 and 9760?
2440
Calculate the greatest common factor of 914001 and 66.
33
Calculate the highest common divisor of 15073469 and 233.
233
What is the greatest common factor of 4870447 and 109?
109
Calculate the greatest common divisor of 297567 and 381348.
2889
Calculate the highest common divisor of 30120 and 38470.
10
What is the highest common factor of 5076 and 6958656?
108
Calculate the greatest common factor of 191812 and 19750.
158
What is the highest common factor of 192693442 and 10016?
626
Calculate the greatest common divisor of 725 and 37756115.
145
Calculate the highest common factor of 275716398 and 174.
174
Calculate the greatest common factor of 37503930 and 2460.
1230
What is the highest common factor of 131878048 and 17376?
5792
What is the highest common divisor of 126022966 and 654?
218
Calculate the highest common factor of 6619431 and 9022.
13
Calculate the greatest common factor of 3927 and 545982591.
3927
What is the highest common factor of 13 and 2044979508?
13
What is the greatest common factor of 51052496 and 46206?
5134
What is the greatest common divisor of 824 and 48047852?
412
What is the greatest common factor of 250577 and 5312?
83
Calculate the highest common factor of 230685 and 7077.
21
What is the greatest common factor of 7825 and 116749?
313
What is the greatest common divisor of 2000 and 83728?
16
What is the highest common divisor of 3570 and 1945230?
210
What is the greatest common divisor of 27363199 and 128611?
967
Calculate the highest common factor of 98700 and 426572.
188
Calculate the greatest common factor of 4 and 2465104.
4
What is the greatest common factor of 128917 and 5255485?
941
What is the highest common divisor of 161 and 43369697?
161
Calculate the highest common divisor of 2044 and 54188036.
28
Calculate the greatest common divisor of 174934 and 338917.
47
What is the highest common divisor of 67096 and 2184?
8
What is the greatest common divisor of 13104 and 219401?
91
Calculate the greatest common divisor of 210 and 5255235.
15
Calculate the highest common divisor of 208263 and 5181.
33
Calculate the greatest common factor of 361692972 and 4792.
2396
Calculate the greatest common factor of 5174 and 52861166.
398
Calculate the highest common divisor of 71115 and 591.
3
Calculate the highest common divisor of 23956 and 1908.
212
Calculate the highest common factor of 666 and 41327964.
666
Calculate the greatest common factor of 29340 and 31153212.
5868
What is the greatest common divisor of 31657344 and 576?
192
What is the highest common divisor of 86168516 and 14?
14
Calculate the highest common divisor of 219266 and 37162.
34
Calculate the highest common divisor of 261 and 17763747.
87
Calculate the greatest common divisor of 9308 and 3458996.
716
Calculate the highest common factor of 457122 and 3008.
94
Calculate the highest common factor of 14123 and 1639729.
487
Calculate the highest common factor of 71335 and 17380.
55
What is the highest common divisor of 460013 and 14?
1
What is the highest common factor of 4191750 and 459?
27
Calculate the highest common factor of 506512 and 2192.
16
Calculate the greatest common factor of 17561728 and 80.
16
What is the highest common factor of 11932759 and 11322?
629
Calculate the greatest common divisor of 72 and 27256.
8
What is the highest common factor of 36137751 and 11336?
1417
What is the highest common divisor of 13975 and 774150?
325
What is the highest common divisor of 4296663 and 21168?
441
Calculate the greatest common factor of 236236 and 70.
14
What is the greatest common divisor of 4608 and 277920?
288
Calculate the highest common factor of 1098 and 3008886.
366
What is the greatest common divisor of 10071344 and 136?
136
What is the greatest common divisor of 994 and 46043074?
994
What is the highest common factor of 33913 and 5951?
11
Calculate the highest common factor of 3492 and 8758809.
873
What is the greatest common factor of 47922 and 375144?
294
Calculate the highest common factor of 278469400 and 9952.
2488
What is the greatest common divisor of 45550820 and 14280?
2380
Calculate the highest common factor of 15490 and 120010.
10
Calculate the greatest common factor of 448 and 60193280.
448
Calculate the highest common factor of 520 and 31485740.
260
What is the greatest common factor of 201166 and 1904?
14
Calculate the greatest common factor of 2981 and 452441.
11
What is the highest common divisor of 273834 and 4140702?
8298
Calculate the greatest common factor of 165118989 and 651.
651
Calculate the greatest common factor of 506 and 118030526.
46
Calculate the highest common factor of 1398 and 37145559.
699
Calculate the highest common divisor of 68180 and 9433190.
4870
What is the highest common factor of 6012114 and 12576?
786
What is the greatest common divisor of 19980720 and 2070?
90
What is the greatest common divisor of 53320 and 198648?
248
Calculate the highest common factor of 397765 and 87295.
395
Calculate the greatest common divisor of 1466902 and 1129610.
3182
What is the highest common factor of 3550046 and 321?
107
What is the highest common divisor of 272 and 127449?
17
What is the highest common divisor of 2387922 and 1230?
246
Calculate the highest common factor of 18 and 33666975.
9
What is the highest common divisor of 43259510 and 1722?
574
Calculate the highest common factor of 5913764 and 453.
151
What is the highest common factor of 160 and 5929760?
160
Calculate the highest common factor of 102 and 7508016.
102
Calculate the greatest common factor of 732552 and 1959996.
2796
What is the greatest common factor of 103563 and 680157?
2799
What is the highest common divisor of 172625 and 81479?
1381
Calculate the highest common divisor of 7476 and 5761860.
1068
What is the greatest common factor of 8748 and 17691372?
2916
What is the greatest common factor of 267721320 and 40?
40
Calculate the greatest common factor of 91695 and 1770.
15
What is the greatest common factor of 61093812 and 390?
78
What is the greatest common divisor of 130220 and 39320?
20
What is the greatest common divisor of 8 and 108187?
1
What is the greatest common factor of 2898577 and 238579?
451
What is the greatest common factor of 10503162 and 4370?
38
Calculate the greatest common factor of 656250 and 3864.
42
What is the highest common factor of 6236551 and 205?
41
Calculate the greatest common divisor of 8580 and 6930.
330
Calculate the greatest common factor of 2842 and 110205046.
406
What is the highest common divisor of 2056 and 47415215?
257
Calculate the greatest common divisor of 2295 and 37333173.
51
Calculate the greatest common divisor of 36666375 and 45.
15
Calculate the greatest common factor of 701 and 7941629.
701
What is the highest common factor of 12545524 and 1301044?
3604
What is the highest common factor of 376 and 12298772?
188
Calculate the highest common factor of 116 and 35175347.
29
What is the greatest common factor of 38 and 3906913?
19
What is the greatest common divisor of 729575 and 2695?
385
Calculate the greatest common divisor of 148 and 384512.
4
Calculate the highest common divisor of 1345071 and 86359.
1183
Calculate the greatest common factor of 8242 and 25510258.
634
What is the greatest common factor of 2390380332 and 10904?
5452
What is the greatest common divisor of 5578 and 47415789?
2789
What is the greatest common divisor of 100753 and 1878188?
1901
Calculate the highest common factor of 8351352 and 342.
18
Calculate the highest common factor of 28275 and 275703.
87
What is the greatest common divisor of 740 and 24527?
1
What is the greatest common factor of 17 and 2700739?
17
What is the greatest common divisor of 5472137 and 88021?